{"id":409,"date":"2018-09-08T17:59:53","date_gmt":"2018-09-08T15:59:53","guid":{"rendered":"http:\/\/teesign77.de\/teeladen\/?page_id=409"},"modified":"2018-09-08T18:04:33","modified_gmt":"2018-09-08T16:04:33","slug":"teeplantagen","status":"publish","type":"page","link":"https:\/\/www.teesign77.de\/teeladen\/teeplantagen\/","title":{"rendered":"Teeplantagen"},"content":{"rendered":"<p><a href=\"http:\/\/teesign77.de\/teeladen\/teeplantagen\/\"><img loading=\"lazy\" decoding=\"async\" class=\"alignnone wp-image-410 size-full\" src=\"http:\/\/teesign77.de\/teeladen\/wp-content\/uploads\/2018\/09\/chayuan.jpg\" alt=\"Dabei liegt uns nicht nur die hohe Qualit\u00e4t des Tees am Herzen, f\u00fcr uns z\u00e4hlt auch der nachhaltige Handel. Wir beziehen unsere Ware von sorgsam ausgew\u00e4hlten und zertifizierten Lieferanten und Teeproduzenten, die dieselbe Philosophie wie wir vertreten.\" width=\"2500\" height=\"835\" srcset=\"https:\/\/www.teesign77.de\/teeladen\/wp-content\/uploads\/2018\/09\/chayuan.jpg 2500w, https:\/\/www.teesign77.de\/teeladen\/wp-content\/uploads\/2018\/09\/chayuan-300x100.jpg 300w, https:\/\/www.teesign77.de\/teeladen\/wp-content\/uploads\/2018\/09\/chayuan-768x257.jpg 768w, https:\/\/www.teesign77.de\/teeladen\/wp-content\/uploads\/2018\/09\/chayuan-1024x342.jpg 1024w, https:\/\/www.teesign77.de\/teeladen\/wp-content\/uploads\/2018\/09\/chayuan-416x139.jpg 416w\" sizes=\"auto, (max-width: 2500px) 100vw, 2500px\" \/><\/a><\/p>\n<h3>Ursprung<\/h3>\n<p>Dabei liegt uns nicht nur die hohe Qualit\u00e4t des Tees am Herzen, f\u00fcr uns z\u00e4hlt auch der nachhaltige Handel. Wir beziehen unsere Ware von sorgsam ausgew\u00e4hlten und zertifizierten Lieferanten und Teeproduzenten, die dieselbe Philosophie wie wir vertreten.<\/p>\n<h3><\/h3>\n<p><a href=\"http:\/\/teesign77.de\/teeladen\/teeplantagen\/\"><img loading=\"lazy\" decoding=\"async\" class=\"alignnone wp-image-411 size-full\" src=\"http:\/\/teesign77.de\/teeladen\/wp-content\/uploads\/2018\/09\/chayuan2.jpg\" alt=\"Wir von Teesign 77 beziehen unsere Tees direkt aus chinesischen wichtigen Teeanbauregionen: Yunnan, Fujian, Guangxi, Zhejiang, Taiwan.\" width=\"2500\" height=\"835\" srcset=\"https:\/\/www.teesign77.de\/teeladen\/wp-content\/uploads\/2018\/09\/chayuan2.jpg 2500w, https:\/\/www.teesign77.de\/teeladen\/wp-content\/uploads\/2018\/09\/chayuan2-300x100.jpg 300w, https:\/\/www.teesign77.de\/teeladen\/wp-content\/uploads\/2018\/09\/chayuan2-768x257.jpg 768w, https:\/\/www.teesign77.de\/teeladen\/wp-content\/uploads\/2018\/09\/chayuan2-1024x342.jpg 1024w, https:\/\/www.teesign77.de\/teeladen\/wp-content\/uploads\/2018\/09\/chayuan2-416x139.jpg 416w\" sizes=\"auto, (max-width: 2500px) 100vw, 2500px\" \/><\/a><\/p>\n<h3>China<\/h3>\n<p>Wir von Teesign 77 beziehen unsere Tees direkt aus chinesischen wichtigen Teeanbauregionen: Yunnan, Fujian, Guangxi, Zhejiang, Taiwan.<\/p>\n<p>&nbsp;<\/p>\n<p><a href=\"http:\/\/teesign77.de\/teeladen\/teeplantagen\/http:\/\/\"><img loading=\"lazy\" decoding=\"async\" class=\"aligncenter size-full wp-image-416\" src=\"http:\/\/teesign77.de\/teeladen\/wp-content\/uploads\/2018\/09\/tee_garten02.jpg\" alt=\"teeplantagen\" width=\"2500\" height=\"1250\" srcset=\"https:\/\/www.teesign77.de\/teeladen\/wp-content\/uploads\/2018\/09\/tee_garten02.jpg 2500w, https:\/\/www.teesign77.de\/teeladen\/wp-content\/uploads\/2018\/09\/tee_garten02-300x150.jpg 300w, https:\/\/www.teesign77.de\/teeladen\/wp-content\/uploads\/2018\/09\/tee_garten02-768x384.jpg 768w, https:\/\/www.teesign77.de\/teeladen\/wp-content\/uploads\/2018\/09\/tee_garten02-1024x512.jpg 1024w, https:\/\/www.teesign77.de\/teeladen\/wp-content\/uploads\/2018\/09\/tee_garten02-416x208.jpg 416w\" sizes=\"auto, (max-width: 2500px) 100vw, 2500px\" \/><\/a><\/p>\n","protected":false},"excerpt":{"rendered":"<p>Ursprung Dabei liegt uns nicht nur die hohe Qualit\u00e4t des Tees am Herzen, f\u00fcr uns z\u00e4hlt auch der nachhaltige Handel. Wir beziehen unsere Ware von sorgsam ausgew\u00e4hlten und zertifizierten Lieferanten und Teeproduzenten, die dieselbe Philosophie wie wir vertreten. China Wir von Teesign 77 beziehen unsere Tees direkt aus chinesischen wichtigen Teeanbauregionen: Yunnan, Fujian, Guangxi, Zhejiang, [&hellip;]<\/p>\n","protected":false},"author":1,"featured_media":0,"parent":0,"menu_order":0,"comment_status":"closed","ping_status":"closed","template":"","meta":{"footnotes":""},"class_list":["post-409","page","type-page","status-publish","hentry"],"_links":{"self":[{"href":"https:\/\/www.teesign77.de\/teeladen\/wp-json\/wp\/v2\/pages\/409","targetHints":{"allow":["GET"]}}],"collection":[{"href":"https:\/\/www.teesign77.de\/teeladen\/wp-json\/wp\/v2\/pages"}],"about":[{"href":"https:\/\/www.teesign77.de\/teeladen\/wp-json\/wp\/v2\/types\/page"}],"author":[{"embeddable":true,"href":"https:\/\/www.teesign77.de\/teeladen\/wp-json\/wp\/v2\/users\/1"}],"replies":[{"embeddable":true,"href":"https:\/\/www.teesign77.de\/teeladen\/wp-json\/wp\/v2\/comments?post=409"}],"version-history":[{"count":4,"href":"https:\/\/www.teesign77.de\/teeladen\/wp-json\/wp\/v2\/pages\/409\/revisions"}],"predecessor-version":[{"id":417,"href":"https:\/\/www.teesign77.de\/teeladen\/wp-json\/wp\/v2\/pages\/409\/revisions\/417"}],"wp:attachment":[{"href":"https:\/\/www.teesign77.de\/teeladen\/wp-json\/wp\/v2\/media?parent=409"}],"curies":[{"name":"wp","href":"https:\/\/api.w.org\/{rel}","templated":true}]}}