{"id":1293,"date":"2019-08-02T13:25:22","date_gmt":"2019-08-02T11:25:22","guid":{"rendered":"https:\/\/teesign77.de\/teeladen\/?post_type=product&#038;p=1293"},"modified":"2019-08-02T13:30:11","modified_gmt":"2019-08-02T11:30:11","slug":"wildobst1","status":"publish","type":"product","link":"https:\/\/www.teesign77.de\/teeladen\/produkt\/wildobst1\/","title":{"rendered":"Wildfr\u00fcchte japanische chinesische Tusche Malerei chinese painting Heim Haus B\u00fcro Deko Wand Kunst"},"content":{"rendered":"<p>Wildfr\u00fcchte japanische chinesische Tusche Malerei chinese painting Heim Haus B\u00fcro Deko Wand Kunst<\/p>\n<p>Bildgr\u00f6\u00dfe: 68 x 45 cm<br \/>\nTechnik: Tuschemalerei<br \/>\nFarbe: Schwarz und Gr\u00fcn<br \/>\nhandgemaltes Unikat<br \/>\nK\u00fcnstlerstempl und Unterschrift<br \/>\nHandgemaltes Original<br \/>\nUnikat dirkt vom K\u00fcnstler Tailai Zhang<\/p>\n<p>Malerei ist nicht verfilzt und ungerahmt<br \/>\nGem\u00e4lde ist signiert und gestempelt.<br \/>\nBilder k\u00f6nnen International versendet werden.<br \/>\nBitte kontaktieren Sie den Shop, wenn Sie irgendwelche Fragen haben!<\/p>\n<p>Autumn wild fruit chinese Japanese sumie ink painting office home Haus decor wall art<\/p>\n<p>Picture size: 68 x 45 cm<br \/>\nTechnique: Ink painting<br \/>\nColor: black and green<br \/>\nHand-painted unique<br \/>\nArtist&#8217;s stamp and signature<br \/>\nHand painted original<br \/>\nUnikat direct from the artist\u00b4s Tailai Zhang<\/p>\n<p>Painting is not matted and unframed<br \/>\nPainting is signed and stamped.<br \/>\nImages can be shipped internationally.<br \/>\nPlease contact the shop if you have any questions!<\/p>\n","protected":false},"excerpt":{"rendered":"<p>Wildfr\u00fcchte japanische chinesische Tusche Malerei chinese painting Heim Haus B\u00fcro Deko Wand Kunst Bildgr\u00f6\u00dfe: 68 x 45 cm Technik: Tuschemalerei Farbe: Schwarz und Gr\u00fcn handgemaltes Unikat K\u00fcnstlerstempl und Unterschrift Handgemaltes Original Unikat dirkt vom K\u00fcnstler Tailai Zhang Malerei ist nicht verfilzt und ungerahmt Gem\u00e4lde ist signiert und gestempelt. Bilder k\u00f6nnen International versendet werden. Bitte kontaktieren [&hellip;]<\/p>\n","protected":false},"featured_media":1296,"comment_status":"open","ping_status":"closed","template":"","meta":[],"product_brand":[],"product_cat":[236,82],"product_tag":[262,265,264,266,263],"class_list":{"0":"post-1293","1":"product","2":"type-product","3":"status-publish","4":"has-post-thumbnail","6":"product_cat-blumen-kollecktion","7":"product_cat-malerei","8":"product_tag-autumn","9":"product_tag-fruechte","10":"product_tag-fruit","11":"product_tag-obst","12":"product_tag-wild","14":"first","15":"instock","16":"purchasable","17":"product-type-simple"},"_links":{"self":[{"href":"https:\/\/www.teesign77.de\/teeladen\/wp-json\/wp\/v2\/product\/1293","targetHints":{"allow":["GET"]}}],"collection":[{"href":"https:\/\/www.teesign77.de\/teeladen\/wp-json\/wp\/v2\/product"}],"about":[{"href":"https:\/\/www.teesign77.de\/teeladen\/wp-json\/wp\/v2\/types\/product"}],"replies":[{"embeddable":true,"href":"https:\/\/www.teesign77.de\/teeladen\/wp-json\/wp\/v2\/comments?post=1293"}],"wp:featuredmedia":[{"embeddable":true,"href":"https:\/\/www.teesign77.de\/teeladen\/wp-json\/wp\/v2\/media\/1296"}],"wp:attachment":[{"href":"https:\/\/www.teesign77.de\/teeladen\/wp-json\/wp\/v2\/media?parent=1293"}],"wp:term":[{"taxonomy":"product_brand","embeddable":true,"href":"https:\/\/www.teesign77.de\/teeladen\/wp-json\/wp\/v2\/product_brand?post=1293"},{"taxonomy":"product_cat","embeddable":true,"href":"https:\/\/www.teesign77.de\/teeladen\/wp-json\/wp\/v2\/product_cat?post=1293"},{"taxonomy":"product_tag","embeddable":true,"href":"https:\/\/www.teesign77.de\/teeladen\/wp-json\/wp\/v2\/product_tag?post=1293"}],"curies":[{"name":"wp","href":"https:\/\/api.w.org\/{rel}","templated":true}]}}