{"id":164,"date":"2018-09-05T12:56:30","date_gmt":"2018-09-05T10:56:30","guid":{"rendered":"http:\/\/teesign77.de\/teeladen\/?post_type=product&#038;p=164"},"modified":"2022-02-17T14:54:06","modified_gmt":"2022-02-17T13:54:06","slug":"schwarzer-tee-1","status":"publish","type":"product","link":"https:\/\/www.teesign77.de\/teeladen\/produkt\/schwarzer-tee-1\/","title":{"rendered":"Black One schwarzer Tee 50 g, 100 g, 500 g"},"content":{"rendered":"<div style=\"color: #992200;\">\n<h1>Black One (Einige goldene Knospen)<\/h1>\n<p>bedingt durch sein Verarbeitungsverfahren und seine gute Qualit\u00e4t, ist dieser Tee besonders kr\u00e4ftig und dunkel in der Tasse, mit viel Aroma.<\/p>\n<p>Dian Hong Breakfast schwarter Tee, der zum Vermischen verwendet wird und nur wenige goldene Knospen enth\u00e4lt und im Allgemeinen bitter ist. Dieser Tee wird leicht durch die gr\u00f6\u00dftenteils schwarzen getrockneten Bl\u00e4tter mit nur wenigen Ausbr\u00fcchen von goldenen Spitzen identifiziert. Das Gebr\u00e4u ist dunkel und nicht blechig, sondern rotbraun.Yunnan Dian Hong Teebl\u00e4tter wachsen in \u00fcber 1000 m H\u00f6he und in den kalten Temperaturen der Berge wachsen die Bl\u00e4tter langsamer und bekommen einen einzigartig intensiven Geschmack. Versinken und entdecken sie einen gelbgoldenen Aufguss von unsch\u00e4tzbarem Wert.<\/p>\n<p><a href=\"http:\/\/teesign77.de\/teesorten.php\">Teesorte: Schwarztee<\/a><\/p>\n<p><a href=\"http:\/\/teesign77.de\/tee-plantagen.php\">Herkunft: China Region Yunnan<\/a><\/p>\n<p>Zubereitung: Gie\u00dfen Sie 1-2 geh\u00e4ufte Teel\u00f6ffel (2-3 g) mit ca.250 ml 90-95\u00b0C hei\u00dfem Wasser auf und lassen Sie den Tee 3-5 min. ziehen. Dian Hong Breakfast Tee wird \u00fcblicherweise ohne Milch und Zucker getrunken; au\u00dferhalb Chinas manchmal mit Milch.<\/p>\n<\/div>\n<p>&nbsp;<\/p>\n","protected":false},"excerpt":{"rendered":"<p>Black One (Einige goldene Knospen) bedingt durch sein Verarbeitungsverfahren und seine gute Qualit\u00e4t, ist dieser Tee besonders kr\u00e4ftig und dunkel in der Tasse, mit viel Aroma. Dian Hong Breakfast schwarter Tee, der zum Vermischen verwendet wird und nur wenige goldene Knospen enth\u00e4lt und im Allgemeinen bitter ist. Dieser Tee wird leicht durch die gr\u00f6\u00dftenteils schwarzen [&hellip;]<\/p>\n","protected":false},"featured_media":6377,"comment_status":"open","ping_status":"closed","template":"","meta":[],"product_brand":[],"product_cat":[33],"product_tag":[72,66,65],"class_list":{"0":"post-164","1":"product","2":"type-product","3":"status-publish","4":"has-post-thumbnail","6":"product_cat-schwarz-tee","7":"product_tag-black-0ne","8":"product_tag-black-tea","9":"product_tag-schwarzer-tee","10":"product_shipping_class-teezubehoer","12":"first","13":"instock","14":"taxable","15":"shipping-taxable","16":"purchasable","17":"product-type-variable","18":"has-default-attributes"},"_links":{"self":[{"href":"https:\/\/www.teesign77.de\/teeladen\/wp-json\/wp\/v2\/product\/164","targetHints":{"allow":["GET"]}}],"collection":[{"href":"https:\/\/www.teesign77.de\/teeladen\/wp-json\/wp\/v2\/product"}],"about":[{"href":"https:\/\/www.teesign77.de\/teeladen\/wp-json\/wp\/v2\/types\/product"}],"replies":[{"embeddable":true,"href":"https:\/\/www.teesign77.de\/teeladen\/wp-json\/wp\/v2\/comments?post=164"}],"wp:featuredmedia":[{"embeddable":true,"href":"https:\/\/www.teesign77.de\/teeladen\/wp-json\/wp\/v2\/media\/6377"}],"wp:attachment":[{"href":"https:\/\/www.teesign77.de\/teeladen\/wp-json\/wp\/v2\/media?parent=164"}],"wp:term":[{"taxonomy":"product_brand","embeddable":true,"href":"https:\/\/www.teesign77.de\/teeladen\/wp-json\/wp\/v2\/product_brand?post=164"},{"taxonomy":"product_cat","embeddable":true,"href":"https:\/\/www.teesign77.de\/teeladen\/wp-json\/wp\/v2\/product_cat?post=164"},{"taxonomy":"product_tag","embeddable":true,"href":"https:\/\/www.teesign77.de\/teeladen\/wp-json\/wp\/v2\/product_tag?post=164"}],"curies":[{"name":"wp","href":"https:\/\/api.w.org\/{rel}","templated":true}]}}