{"id":226,"date":"2018-09-05T15:37:10","date_gmt":"2018-09-05T13:37:10","guid":{"rendered":"http:\/\/teesign77.de\/teeladen\/?post_type=product&#038;p=226"},"modified":"2022-02-16T15:15:49","modified_gmt":"2022-02-16T14:15:49","slug":"oolong-stein-tee-a","status":"publish","type":"product","link":"https:\/\/www.teesign77.de\/teeladen\/produkt\/oolong-stein-tee-a\/","title":{"rendered":"Wuyi Felsen Tee (mild) Oolong Tee 50 g, 100 g, 500 g"},"content":{"rendered":"<div style=\"color: #992200;\">\n<h1>Wuyi Felsen Tee Oolong (mild)<\/h1>\n<p>Original aus den Wu Yi Bergen in Fujian besticht dieser Felsentee durch seinen mineralischen Charakter. Die Tasse ist nachhaltig lebendig und von goldbrauner F\u00e4rbung.<\/p>\n<p>Oolong Tees aus Wuyi werden auch \u201eFelsen- oder Steintee\u201c genannt, da die Teeb\u00fcsche auf dem felsigem, mineralreichem Boden der Bergh\u00e4nge angebaut werden. Wegen der geringeren Ausbeute der Teepflanzen, die in einem solchen Gel\u00e4nde angepflanzt werden, kann der daraus resultierende Tee sehr teuer sein. Tee, der aus den Bl\u00e4ttern \u00e4lterer Str\u00e4ucher stammt, ist besonders selten und teuer. Steintee, der von den urspr\u00fcnglichsten B\u00fcschen seiner Art gesammelt worden sein soll, geh\u00f6rt zu den teuersten Tees der Welt. Tee in Handelsqualit\u00e4t, der in niedrigeren Lagen angepflanzt wird, stellt die Mehrheit der auf dem Markt erh\u00e4ltlichen Wuyi-Tees dar. Seit den 1980er Jahren wurden die Ursprungspflanzen durch Stecklinge vermehrt und in Pflanzungen angebaut, so dass gr\u00f6\u00dfere Mengen in den Handel gelangen konnten. Oolong Tee (chinesisch\u201aSchwarzer-Drachen-Tee)ist eine traditionelle chinesische Teesorte. Die Fermentationsdauer liegt zwischen der von gr\u00fcnem und schwarzem Tee, daher auch die synonyme Bezeichnung halbfermentierter Tee.<\/p>\n<p><a href=\"http:\/\/teesign77.de\/teesorten.php\">Teesorte: Oolong Tee<\/a><\/p>\n<p><a href=\"http:\/\/teesign77.de\/tee-plantagen.php\">Herkunft: China Region Fujian<\/a><\/p>\n<p>Zubereitung: Gie\u00dfen Sie 1-2 geh\u00e4ufte Teel\u00f6ffel mit ca.250 ml 90-95\u00b0C hei\u00dfem Wasser auf und lassen Sie den Tee 3-5 min. ziehen.<\/p>\n<p>&nbsp;<\/p>\n<\/div>\n","protected":false},"excerpt":{"rendered":"<p>Wuyi Felsen Tee Oolong (mild) Original aus den Wu Yi Bergen in Fujian besticht dieser Felsentee durch seinen mineralischen Charakter. Die Tasse ist nachhaltig lebendig und von goldbrauner F\u00e4rbung. Oolong Tees aus Wuyi werden auch \u201eFelsen- oder Steintee\u201c genannt, da die Teeb\u00fcsche auf dem felsigem, mineralreichem Boden der Bergh\u00e4nge angebaut werden. Wegen der geringeren Ausbeute [&hellip;]<\/p>\n","protected":false},"featured_media":6313,"comment_status":"open","ping_status":"closed","template":"","meta":[],"product_brand":[],"product_cat":[34],"product_tag":[510,509,78,77,80,79,513,512,511],"class_list":{"0":"post-226","1":"product","2":"type-product","3":"status-publish","4":"has-post-thumbnail","6":"product_cat-oolong-tee","7":"product_tag-felse","8":"product_tag-felsentee","9":"product_tag-oolong-tea","10":"product_tag-oolong-tee","11":"product_tag-rock-tea","12":"product_tag-stein-tee","13":"product_tag-513","14":"product_tag-512","15":"product_tag-511","16":"product_shipping_class-teezubehoer","18":"first","19":"instock","20":"taxable","21":"shipping-taxable","22":"purchasable","23":"product-type-variable","24":"has-default-attributes"},"_links":{"self":[{"href":"https:\/\/www.teesign77.de\/teeladen\/wp-json\/wp\/v2\/product\/226","targetHints":{"allow":["GET"]}}],"collection":[{"href":"https:\/\/www.teesign77.de\/teeladen\/wp-json\/wp\/v2\/product"}],"about":[{"href":"https:\/\/www.teesign77.de\/teeladen\/wp-json\/wp\/v2\/types\/product"}],"replies":[{"embeddable":true,"href":"https:\/\/www.teesign77.de\/teeladen\/wp-json\/wp\/v2\/comments?post=226"}],"wp:featuredmedia":[{"embeddable":true,"href":"https:\/\/www.teesign77.de\/teeladen\/wp-json\/wp\/v2\/media\/6313"}],"wp:attachment":[{"href":"https:\/\/www.teesign77.de\/teeladen\/wp-json\/wp\/v2\/media?parent=226"}],"wp:term":[{"taxonomy":"product_brand","embeddable":true,"href":"https:\/\/www.teesign77.de\/teeladen\/wp-json\/wp\/v2\/product_brand?post=226"},{"taxonomy":"product_cat","embeddable":true,"href":"https:\/\/www.teesign77.de\/teeladen\/wp-json\/wp\/v2\/product_cat?post=226"},{"taxonomy":"product_tag","embeddable":true,"href":"https:\/\/www.teesign77.de\/teeladen\/wp-json\/wp\/v2\/product_tag?post=226"}],"curies":[{"name":"wp","href":"https:\/\/api.w.org\/{rel}","templated":true}]}}