{"id":2433,"date":"2020-03-07T18:29:31","date_gmt":"2020-03-07T17:29:31","guid":{"rendered":"https:\/\/teesign77.de\/teeladen\/?post_type=product&#038;p=2433"},"modified":"2022-08-24T17:44:57","modified_gmt":"2022-08-24T15:44:57","slug":"sumie-tuschemalerei-magnolie-1","status":"publish","type":"product","link":"https:\/\/www.teesign77.de\/teeladen\/produkt\/sumie-tuschemalerei-magnolie-1\/","title":{"rendered":"Magnolie japanische chinesische Tusche Malerei chinese painting Heim Haus B\u00fcro Deko Wand Kunst"},"content":{"rendered":"<p>Magnolie Tusche Malerei<\/p>\n<p>Bildgr\u00f6\u00dfe: 33 x 65 cm<br \/>\nTechnik: Tuschemalerei<br \/>\nFarbe: Schwarz Wei\u00df Gr\u00fcn Rot<br \/>\nhandgemaltes Unikat<br \/>\nK\u00fcnstlerstempl und Unterschrift<br \/>\nHandgemaltes Original<br \/>\nUnikat dirkt vom K\u00fcnstler Tailai Zhang<\/p>\n<p>Malerei ist nicht verfilzt und ungerahmt<br \/>\nGem\u00e4lde ist signiert und gestempelt.<br \/>\nBilder k\u00f6nnen International versendet werden.<br \/>\nBitte kontaktieren Sie den Shop, wenn Sie irgendwelche Fragen haben!<\/p>\n<p>Magnolia sumie painting<\/p>\n<p>Picture size: 33 x 65 cm<br \/>\nTechnique: Ink painting<br \/>\nColor: black white green red<br \/>\nHand-painted unique<br \/>\nArtist&#8217;s stamp and signature<br \/>\nHand painted original<br \/>\nUnikat direct from the artist\u00b4s Tailai Zhang<\/p>\n<p>Painting is not matted and unframed<br \/>\nPainting is signed and stamped.<br \/>\nImages can be shipped internationally.<br \/>\nPlease contact the shop if you have any questions!<\/p>\n","protected":false},"excerpt":{"rendered":"<p>Magnolie Tusche Malerei Bildgr\u00f6\u00dfe: 33 x 65 cm Technik: Tuschemalerei Farbe: Schwarz Wei\u00df Gr\u00fcn Rot handgemaltes Unikat K\u00fcnstlerstempl und Unterschrift Handgemaltes Original Unikat dirkt vom K\u00fcnstler Tailai Zhang Malerei ist nicht verfilzt und ungerahmt Gem\u00e4lde ist signiert und gestempelt. Bilder k\u00f6nnen International versendet werden. Bitte kontaktieren Sie den Shop, wenn Sie irgendwelche Fragen haben! Magnolia [&hellip;]<\/p>\n","protected":false},"featured_media":6634,"comment_status":"open","ping_status":"closed","template":"","meta":[],"product_brand":[],"product_cat":[236,82],"product_tag":[242,147,546,313,314,488,320,84],"class_list":{"0":"post-2433","1":"product","2":"type-product","3":"status-publish","4":"has-post-thumbnail","6":"product_cat-blumen-kollecktion","7":"product_cat-malerei","8":"product_tag-green","9":"product_tag-gruen","10":"product_tag-ink-painting","11":"product_tag-magnolia","12":"product_tag-magnolie","13":"product_tag-mulan","14":"product_tag-sumie","15":"product_tag-tuschemalerei","17":"first","18":"instock","19":"purchasable","20":"product-type-simple"},"_links":{"self":[{"href":"https:\/\/www.teesign77.de\/teeladen\/wp-json\/wp\/v2\/product\/2433","targetHints":{"allow":["GET"]}}],"collection":[{"href":"https:\/\/www.teesign77.de\/teeladen\/wp-json\/wp\/v2\/product"}],"about":[{"href":"https:\/\/www.teesign77.de\/teeladen\/wp-json\/wp\/v2\/types\/product"}],"replies":[{"embeddable":true,"href":"https:\/\/www.teesign77.de\/teeladen\/wp-json\/wp\/v2\/comments?post=2433"}],"wp:featuredmedia":[{"embeddable":true,"href":"https:\/\/www.teesign77.de\/teeladen\/wp-json\/wp\/v2\/media\/6634"}],"wp:attachment":[{"href":"https:\/\/www.teesign77.de\/teeladen\/wp-json\/wp\/v2\/media?parent=2433"}],"wp:term":[{"taxonomy":"product_brand","embeddable":true,"href":"https:\/\/www.teesign77.de\/teeladen\/wp-json\/wp\/v2\/product_brand?post=2433"},{"taxonomy":"product_cat","embeddable":true,"href":"https:\/\/www.teesign77.de\/teeladen\/wp-json\/wp\/v2\/product_cat?post=2433"},{"taxonomy":"product_tag","embeddable":true,"href":"https:\/\/www.teesign77.de\/teeladen\/wp-json\/wp\/v2\/product_tag?post=2433"}],"curies":[{"name":"wp","href":"https:\/\/api.w.org\/{rel}","templated":true}]}}