{"id":2726,"date":"2020-05-04T21:01:20","date_gmt":"2020-05-04T19:01:20","guid":{"rendered":"https:\/\/teesign77.de\/teeladen\/?post_type=product&#038;p=2726"},"modified":"2021-03-04T18:40:31","modified_gmt":"2021-03-04T17:40:31","slug":"tulpen-teetasse","status":"publish","type":"product","link":"https:\/\/www.teesign77.de\/teeladen\/produkt\/tulpen-teetasse\/","title":{"rendered":"Bunte Tulpen Teetasse Porzellan"},"content":{"rendered":"<div id=\"cbftssection\" class=\"productInformation prodInfoSub keyFeaturesMargin\">\n<div id=\"custBenefit\" class=\"texts keyFeaturesmargin\">\n<ul>\n<li>Bunte Tulpen Teetasse<\/li>\n<li><span id=\"result_box\" class=\"short_text\" lang=\"de\"><span class=\"\">Material: Porzellan<\/span><\/span><\/li>\n<li><span id=\"result_box\" class=\"short_text\" lang=\"de\"><span class=\"\">Farbe: Gr\u00fcn, Blau, Pink, Wei\u00df, Rot, Gelb etc<\/span><\/span>\n<div id=\"goodtoknowheader1\" class=\"productsubheadline\" role=\"heading\" aria-level=\"3\"><\/div>\n<\/li>\n<li>Durchmesser Breite H\u00f6he 7.1 x 7.1 x 4.7 cm<\/li>\n<li><span id=\"result_box\" class=\"short_text\" lang=\"de\"><span class=\"\">Kapazit\u00e4t: <\/span><\/span>100 ml<\/li>\n<li>\n<div id=\"goodtoknowheader1\" class=\"productsubheadline\" role=\"heading\" aria-level=\"3\">Pflegehinweis<\/div>\n<div id=\"careInst\" class=\"texts Wdth\">Der Beh\u00e4lter ist sp\u00fclmaschinenfest.<\/div>\n<p>von Hand sp\u00fclen.<br \/>\nF\u00fcr Mikrowellenherd geeignet.<\/li>\n<li><span id=\"result_box\" class=\"short_text\" lang=\"de\"><span class=\"\">Herkunft: China<\/span><\/span><\/li>\n<\/ul>\n<\/div>\n<\/div>\n","protected":false},"excerpt":{"rendered":"<p>Bunte Tulpen Teetasse Material: Porzellan Farbe: Gr\u00fcn, Blau, Pink, Wei\u00df, Rot, Gelb etc Durchmesser Breite H\u00f6he 7.1 x 7.1 x 4.7 cm Kapazit\u00e4t: 100 ml Pflegehinweis Der Beh\u00e4lter ist sp\u00fclmaschinenfest. von Hand sp\u00fclen. F\u00fcr Mikrowellenherd geeignet. Herkunft: China<\/p>\n","protected":false},"featured_media":2739,"comment_status":"open","ping_status":"closed","template":"","meta":[],"product_brand":[],"product_cat":[325,124,105],"product_tag":[113,191,299,183,147,336,121,214,150,117,116,337],"class_list":{"0":"post-2726","1":"product","2":"type-product","3":"status-publish","4":"has-post-thumbnail","6":"product_cat-geschenk","7":"product_cat-tee-tasse-becher","8":"product_cat-teezubehoer","9":"product_tag-becher","10":"product_tag-blau","11":"product_tag-bunt","12":"product_tag-gelb","13":"product_tag-gruen","14":"product_tag-pink","15":"product_tag-porzellan","16":"product_tag-rot","17":"product_tag-tasse","18":"product_tag-tea-cup","19":"product_tag-tee-tasse","20":"product_tag-tulpen","21":"product_shipping_class-teezubehoer","23":"first","24":"instock","25":"taxable","26":"shipping-taxable","27":"purchasable","28":"product-type-variable","29":"has-default-attributes"},"_links":{"self":[{"href":"https:\/\/www.teesign77.de\/teeladen\/wp-json\/wp\/v2\/product\/2726","targetHints":{"allow":["GET"]}}],"collection":[{"href":"https:\/\/www.teesign77.de\/teeladen\/wp-json\/wp\/v2\/product"}],"about":[{"href":"https:\/\/www.teesign77.de\/teeladen\/wp-json\/wp\/v2\/types\/product"}],"replies":[{"embeddable":true,"href":"https:\/\/www.teesign77.de\/teeladen\/wp-json\/wp\/v2\/comments?post=2726"}],"wp:featuredmedia":[{"embeddable":true,"href":"https:\/\/www.teesign77.de\/teeladen\/wp-json\/wp\/v2\/media\/2739"}],"wp:attachment":[{"href":"https:\/\/www.teesign77.de\/teeladen\/wp-json\/wp\/v2\/media?parent=2726"}],"wp:term":[{"taxonomy":"product_brand","embeddable":true,"href":"https:\/\/www.teesign77.de\/teeladen\/wp-json\/wp\/v2\/product_brand?post=2726"},{"taxonomy":"product_cat","embeddable":true,"href":"https:\/\/www.teesign77.de\/teeladen\/wp-json\/wp\/v2\/product_cat?post=2726"},{"taxonomy":"product_tag","embeddable":true,"href":"https:\/\/www.teesign77.de\/teeladen\/wp-json\/wp\/v2\/product_tag?post=2726"}],"curies":[{"name":"wp","href":"https:\/\/api.w.org\/{rel}","templated":true}]}}