{"id":3085,"date":"2020-08-06T15:28:05","date_gmt":"2020-08-06T13:28:05","guid":{"rendered":"https:\/\/teesign77.de\/teeladen\/?post_type=product&#038;p=3085"},"modified":"2022-08-23T16:05:03","modified_gmt":"2022-08-23T14:05:03","slug":"orchidee17","status":"publish","type":"product","link":"https:\/\/www.teesign77.de\/teeladen\/produkt\/orchidee17\/","title":{"rendered":"Orchidee japanische sumie painting chinesische Tusche Malerei Heim Haus B\u00fcro Deko Wand Kunst"},"content":{"rendered":"<p>Orchidee japanische sumie painting chinesische Tusche Malerei Heim Haus B\u00fcro Deko Wand Kunst<\/p>\n<p>Bildgr\u00f6\u00dfe: 45 x 30 cm<br \/>\nTechnik: Tuschemalerei<br \/>\nFarbe: Blau Schwarz Gr\u00fcn Gelb<br \/>\nhandgemaltes Unikat<br \/>\nK\u00fcnstlerstempl und Unterschrift<br \/>\nHandgemaltes Original<br \/>\nUnikat dirkt vom K\u00fcnstler Tailai Zhang<\/p>\n<p>Malerei ist nicht verfilzt und ungerahmt<br \/>\nGem\u00e4lde ist signiert und gestempelt.<br \/>\nBilder k\u00f6nnen International versendet werden.<br \/>\nBitte kontaktieren Sie den Shop, wenn Sie irgendwelche Fragen haben!<\/p>\n<p>Orchid chinese painting japan sumie painting office and home decor wall art<\/p>\n<p>Picture size: 45 x 30 cm<br \/>\nTechnique: Ink painting<br \/>\nColor: blue black green yellow<br \/>\nHand-painted unique<br \/>\nArtist&#8217;s stamp and signature<br \/>\nHand painted original<br \/>\nUnikat direct from the artist Tailai Zhang<\/p>\n<p>Hand painted original<br \/>\nUnikat direct from the artist\u00b4s Tailai Zhang<\/p>\n<p>Painting is not matted and unframed<br \/>\nPainting is signed and stamped.<br \/>\nImages can be shipped internationally.<br \/>\nPlease contact the shop if you have any questions!<\/p>\n","protected":false},"excerpt":{"rendered":"<p>Orchidee japanische sumie painting chinesische Tusche Malerei Heim Haus B\u00fcro Deko Wand Kunst Bildgr\u00f6\u00dfe: 45 x 30 cm Technik: Tuschemalerei Farbe: Blau Schwarz Gr\u00fcn Gelb handgemaltes Unikat K\u00fcnstlerstempl und Unterschrift Handgemaltes Original Unikat dirkt vom K\u00fcnstler Tailai Zhang Malerei ist nicht verfilzt und ungerahmt Gem\u00e4lde ist signiert und gestempelt. Bilder k\u00f6nnen International versendet werden. Bitte [&hellip;]<\/p>\n","protected":false},"featured_media":6664,"comment_status":"open","ping_status":"closed","template":"","meta":[],"product_brand":[],"product_cat":[82,231],"product_tag":[272,270,275,197,198,323,84],"class_list":{"0":"post-3085","1":"product","2":"type-product","3":"status-publish","4":"has-post-thumbnail","6":"product_cat-malerei","7":"product_cat-4-edlen-herren","8":"product_tag-art","9":"product_tag-decor","10":"product_tag-kunst","11":"product_tag-orchid","12":"product_tag-orchidee","13":"product_tag-sumie-painting","14":"product_tag-tuschemalerei","16":"first","17":"instock","18":"purchasable","19":"product-type-simple"},"_links":{"self":[{"href":"https:\/\/www.teesign77.de\/teeladen\/wp-json\/wp\/v2\/product\/3085","targetHints":{"allow":["GET"]}}],"collection":[{"href":"https:\/\/www.teesign77.de\/teeladen\/wp-json\/wp\/v2\/product"}],"about":[{"href":"https:\/\/www.teesign77.de\/teeladen\/wp-json\/wp\/v2\/types\/product"}],"replies":[{"embeddable":true,"href":"https:\/\/www.teesign77.de\/teeladen\/wp-json\/wp\/v2\/comments?post=3085"}],"wp:featuredmedia":[{"embeddable":true,"href":"https:\/\/www.teesign77.de\/teeladen\/wp-json\/wp\/v2\/media\/6664"}],"wp:attachment":[{"href":"https:\/\/www.teesign77.de\/teeladen\/wp-json\/wp\/v2\/media?parent=3085"}],"wp:term":[{"taxonomy":"product_brand","embeddable":true,"href":"https:\/\/www.teesign77.de\/teeladen\/wp-json\/wp\/v2\/product_brand?post=3085"},{"taxonomy":"product_cat","embeddable":true,"href":"https:\/\/www.teesign77.de\/teeladen\/wp-json\/wp\/v2\/product_cat?post=3085"},{"taxonomy":"product_tag","embeddable":true,"href":"https:\/\/www.teesign77.de\/teeladen\/wp-json\/wp\/v2\/product_tag?post=3085"}],"curies":[{"name":"wp","href":"https:\/\/api.w.org\/{rel}","templated":true}]}}