{"id":6536,"date":"2022-08-19T12:40:34","date_gmt":"2022-08-19T10:40:34","guid":{"rendered":"https:\/\/www.teesign77.de\/teeladen\/?post_type=product&#038;p=6536"},"modified":"2022-08-19T12:52:33","modified_gmt":"2022-08-19T10:52:33","slug":"forsythie-china-japan-tuschemalerei-sumie-painting-1","status":"publish","type":"product","link":"https:\/\/www.teesign77.de\/teeladen\/produkt\/forsythie-china-japan-tuschemalerei-sumie-painting-1\/","title":{"rendered":"willkommen Fr\u00fchling Forsythie sumie painting chinesische Tusche Malerei B\u00fcro Heim Dekor Wand Kunst"},"content":{"rendered":"<p>willkommen Fr\u00fchling Forsythie sumie painting chinesische Tusche Malerei B\u00fcro Heim Dekor Wand Kunst<\/p>\n<p>Original<\/p>\n<p>Bildgr\u00f6\u00dfe: ca. 45 x 35 cm<br \/>\nTechnik: Tuschemalerei<br \/>\nFarbe: <span class=\"VIiyi\" lang=\"de\"><span class=\"JLqJ4b ChMk0b\" data-language-for-alternatives=\"de\" data-language-to-translate-into=\"zh-CN\" data-phrase-index=\"0\" data-number-of-phrases=\"1\">Schwarz Gelb<\/span><\/span><br \/>\nhandgemaltes Unikat<br \/>\nK\u00fcnstlerstempl und Unterschrift<br \/>\nHandgemaltes Original<br \/>\nUnikat dirkt vom K\u00fcnstler Tailai Zhang<\/p>\n<p>&nbsp;<\/p>\n<p>Printed products<br \/>\nPapierart: Drucke werden auf 200g\/m2 wei\u00dfem Halbglanz-Posterpapier gedruckt.<br \/>\nBildgr\u00f6\u00dfe: A5, A4, A3&#8230;<br \/>\nTechnik: Tuschemalerei<br \/>\nFarbe: <span class=\"VIiyi\" lang=\"de\"><span class=\"JLqJ4b ChMk0b\" data-language-for-alternatives=\"de\" data-language-to-translate-into=\"zh-CN\" data-phrase-index=\"0\" data-number-of-phrases=\"1\">Farbe<\/span><\/span><br \/>\nGeschenk-Idee: Kinden, Damen Herren Geschenk<br \/>\nTuschemalerei, Tusche Poster, Tusche Zeichnung, Tusche Gem\u00e4lde, Malerei Poster.<br \/>\nChinesische Japanische Kunst, Kalligraphie Stil. Tusche Malerei.<br \/>\nWand-Dekoration, Wohn-Dekoration, B\u00fcro-Dekoration.<br \/>\nChinesische ink Stil Japanische Sumi-e Stil. Orientalische Tusche Kunstwerk.<\/p>\n<p>Malerei ist nicht verfilzt und ungerahmt<br \/>\nGem\u00e4lde ist signiert und gestempelt.<br \/>\nBilder k\u00f6nnen International versendet werden.<br \/>\nBitte kontaktieren Sie den Shop, wenn Sie irgendwelche Fragen haben!<\/p>\n","protected":false},"excerpt":{"rendered":"<p>welcome spring Forsythie japanese sumie painting Chinese ink painting office home decor wall art<\/p>\n<p>welcome spring Forsythie<\/p>\n<p>Picture size: 35 x 45 cm<br \/>\nTechnique: Ink painting<br \/>\nColor: black and yellow<br \/>\nHand-painted unique<br \/>\nArtist&#8217;s stamp and signature<br \/>\nHand painted original<br \/>\nUnikat direct from the artist Tailai Zhang<\/p>\n","protected":false},"featured_media":6542,"comment_status":"open","ping_status":"closed","template":"","meta":[],"product_brand":[],"product_cat":[236,82],"product_tag":[151,409,540,165,92,163,323,177,400,399,541,187,426,539],"class_list":{"0":"post-6536","1":"product","2":"type-product","3":"status-publish","4":"has-post-thumbnail","6":"product_cat-blumen-kollecktion","7":"product_cat-malerei","8":"product_tag-blumen","9":"product_tag-flower","10":"product_tag-forsythie","11":"product_tag-ink","12":"product_tag-malerei","13":"product_tag-painting","14":"product_tag-sumie-painting","15":"product_tag-tusche","16":"product_tag-wall-decoration","17":"product_tag-wanddekoration","18":"product_tag-winterjasmin","19":"product_tag-zeichnung","20":"product_tag-426","21":"product_tag-539","23":"first","24":"instock","25":"taxable","26":"shipping-taxable","27":"purchasable","28":"product-type-variable"},"_links":{"self":[{"href":"https:\/\/www.teesign77.de\/teeladen\/wp-json\/wp\/v2\/product\/6536","targetHints":{"allow":["GET"]}}],"collection":[{"href":"https:\/\/www.teesign77.de\/teeladen\/wp-json\/wp\/v2\/product"}],"about":[{"href":"https:\/\/www.teesign77.de\/teeladen\/wp-json\/wp\/v2\/types\/product"}],"replies":[{"embeddable":true,"href":"https:\/\/www.teesign77.de\/teeladen\/wp-json\/wp\/v2\/comments?post=6536"}],"wp:featuredmedia":[{"embeddable":true,"href":"https:\/\/www.teesign77.de\/teeladen\/wp-json\/wp\/v2\/media\/6542"}],"wp:attachment":[{"href":"https:\/\/www.teesign77.de\/teeladen\/wp-json\/wp\/v2\/media?parent=6536"}],"wp:term":[{"taxonomy":"product_brand","embeddable":true,"href":"https:\/\/www.teesign77.de\/teeladen\/wp-json\/wp\/v2\/product_brand?post=6536"},{"taxonomy":"product_cat","embeddable":true,"href":"https:\/\/www.teesign77.de\/teeladen\/wp-json\/wp\/v2\/product_cat?post=6536"},{"taxonomy":"product_tag","embeddable":true,"href":"https:\/\/www.teesign77.de\/teeladen\/wp-json\/wp\/v2\/product_tag?post=6536"}],"curies":[{"name":"wp","href":"https:\/\/api.w.org\/{rel}","templated":true}]}}