{"id":75,"date":"2018-09-04T17:00:44","date_gmt":"2018-09-04T15:00:44","guid":{"rendered":"http:\/\/teesign77.de\/teeladen\/?post_type=product&#038;p=75"},"modified":"2026-02-08T11:51:10","modified_gmt":"2026-02-08T10:51:10","slug":"weisstee-snowdragon","status":"publish","type":"product","link":"https:\/\/www.teesign77.de\/teeladen\/produkt\/weisstee-snowdragon\/","title":{"rendered":"Snow Dragen wei\u00dfer Tee"},"content":{"rendered":"<div style=\"color: #992200;\">\n<h1>Snow <span id=\"result_box\" class=\"short_text\" lang=\"en\"><span class=\"\">Dragon<\/span><\/span><\/h1>\n<p>leicht und ausgesprochen duftig. Das spiralf\u00f6rmig gedrehte Blatt aus wei\u00dfen Spitzen ist nicht nur im Aussehen ein Genuss.<\/p>\n<p>Snow Pekoe ist in der Regel ein lediglich zu zwei Prozent anoxidierter Tee. Diese Oxidation vollzieht sich w\u00e4hrend des Welkprozesses auf nat\u00fcrlichem Wege, wird aber bei gr\u00fcnem bzw. wei\u00dfem Tee m\u00f6glichst verhindert. Dabei werden einige Bestandteile des Tees durch Enzyme oxidiert.<\/p>\n<p>Wei\u00dfer Tee, einer der sechs chinesischen Tees, verdankt seinen Namen dem wei\u00dfen, seidenartigen Flaum, der die jungen Teeknospen umschlie\u00dft. Seine Qualit\u00e4t erreicht der wei\u00dfe Tee vor allem durch die besondere Auswahl der Bl\u00e4tter: Nur die unge\u00f6ffneten Blattknospen des Teestrauchs, der in der im S\u00fcden Chinas gelegenen Provinzen Fujian, Hunan, Guangxi, Yunnan angebaut wird, werden f\u00fcr die besonders hochwertigen Sorten wie etwa Yin Zhen verwendet. F\u00fcr die Herstellung eines Kilogramms wei\u00dfen Tees werden rund 30.000 handgepfl\u00fcckte Knospen ben\u00f6tigt. Ihren milden Geschmack erh\u00e4lt diese Teesorte durch die schonende Licht- und Lufttrocknung.<\/p>\n<p>Nicht zuletzt wegen des Polyphenolgehalts wird wei\u00dfem Tee eine gesundheitsf\u00f6rdernde Wirkung zugesprochen. Polyphenole sind hochwirksame Antioxidantien, die freie Radikale unsch\u00e4dlich machen und so das Immunsystem st\u00e4rken sollen. Die Chinesen sagen dem wei\u00dfen Tee auch eine blutdrucksenkende Wirkung nach. Wei\u00dfer Tee enth\u00e4lt Coffein und Theophyllin.<\/p>\n<p>Die bekanntesten und beliebtesten Sorten des wei\u00dfen Tees sind der gro\u00dfbl\u00e4ttrige Pai Mu Tan (wei\u00dfe Pfingstrose\u2018) (Bai-Mudan-Tee), und die hochwertige Sorte Yin Zhen, deutsch \u201aSilbernadel\u2018, f\u00fcr die nur besonders junge und aromatische Triebe des Gro\u00dfen Wei\u00dfteebusches gepfl\u00fcckt werden. weitere Beispiele f\u00fcr wei\u00dfen Tee sind Snow Pekoe, Jasmine Silbernadel, Wei\u00dfer Mao Jian.<\/p>\n<p><a href=\"http:\/\/teesign77.de\/teesorten.php\">Teesorte: wei\u00dfer Tee<\/a><\/p>\n<p><a href=\"http:\/\/teesign77.de\/tee-plantagen.php\">Herkunft: China Region Hunan<\/a><\/p>\n<p>Zubereitung: Gie\u00dfen Sie 1-2 geh\u00e4ufte Teel\u00f6ffel mit ca.250 ml 80-85\u00b0C hei\u00dfem Wasser auf und lassen Sie den Tee 3-5 min. ziehen.<\/p>\n<p>&nbsp;<\/p>\n<\/div>\n","protected":false},"excerpt":{"rendered":"<p>Snow Dragon leicht und ausgesprochen duftig. Das spiralf\u00f6rmig gedrehte Blatt aus wei\u00dfen Spitzen ist nicht nur im Aussehen ein Genuss. Snow Pekoe ist in der Regel ein lediglich zu zwei Prozent anoxidierter Tee. Diese Oxidation vollzieht sich w\u00e4hrend des Welkprozesses auf nat\u00fcrlichem Wege, wird aber bei gr\u00fcnem bzw. wei\u00dfem Tee m\u00f6glichst verhindert. Dabei werden einige [&hellip;]<\/p>\n","protected":false},"featured_media":6243,"comment_status":"open","ping_status":"closed","template":"","meta":[],"product_brand":[],"product_cat":[31],"product_tag":[54,45,46],"class_list":{"0":"post-75","1":"product","2":"type-product","3":"status-publish","4":"has-post-thumbnail","6":"product_cat-weiss-tee","7":"product_tag-snow-pekoe","8":"product_tag-weisser-tee","9":"product_tag-white-tea","10":"product_shipping_class-teezubehoer","12":"first","13":"instock","14":"taxable","15":"shipping-taxable","16":"purchasable","17":"product-type-variable"},"_links":{"self":[{"href":"https:\/\/www.teesign77.de\/teeladen\/wp-json\/wp\/v2\/product\/75","targetHints":{"allow":["GET"]}}],"collection":[{"href":"https:\/\/www.teesign77.de\/teeladen\/wp-json\/wp\/v2\/product"}],"about":[{"href":"https:\/\/www.teesign77.de\/teeladen\/wp-json\/wp\/v2\/types\/product"}],"replies":[{"embeddable":true,"href":"https:\/\/www.teesign77.de\/teeladen\/wp-json\/wp\/v2\/comments?post=75"}],"wp:featuredmedia":[{"embeddable":true,"href":"https:\/\/www.teesign77.de\/teeladen\/wp-json\/wp\/v2\/media\/6243"}],"wp:attachment":[{"href":"https:\/\/www.teesign77.de\/teeladen\/wp-json\/wp\/v2\/media?parent=75"}],"wp:term":[{"taxonomy":"product_brand","embeddable":true,"href":"https:\/\/www.teesign77.de\/teeladen\/wp-json\/wp\/v2\/product_brand?post=75"},{"taxonomy":"product_cat","embeddable":true,"href":"https:\/\/www.teesign77.de\/teeladen\/wp-json\/wp\/v2\/product_cat?post=75"},{"taxonomy":"product_tag","embeddable":true,"href":"https:\/\/www.teesign77.de\/teeladen\/wp-json\/wp\/v2\/product_tag?post=75"}],"curies":[{"name":"wp","href":"https:\/\/api.w.org\/{rel}","templated":true}]}}