{"id":784,"date":"2018-12-13T16:46:09","date_gmt":"2018-12-13T15:46:09","guid":{"rendered":"http:\/\/teesign77.de\/teeladen\/?post_type=product&#038;p=784"},"modified":"2022-02-17T15:05:10","modified_gmt":"2022-02-17T14:05:10","slug":"schwarztee-yunnan-mao-feng","status":"publish","type":"product","link":"https:\/\/www.teesign77.de\/teeladen\/produkt\/schwarztee-yunnan-mao-feng\/","title":{"rendered":"Gold Mao Feng (35% Gold Junge Sprosse)"},"content":{"rendered":"<p>Dian Hong Mao Feng (35% Gold Junge Sprosse)<\/p>\n<p>Erstmalig verf\u00fcgbar, besticht dieser mit goldenen Tips durchzogene Mao Feng durch seinen ausgepr\u00e4gten Charakter. Im Aroma steht die Tasse den bisher bekannten Tees aus China in nichts nach.<\/p>\n<p>Aufguss klar Mao Feng (Mao = behaart, Feng = spitz), Tee aus dem Hochgebirge, leicht gedrehte Bl\u00e4tter Mao Feng Cris Cross, wird als edle. Der Tee wird ausschlie\u00dflich in Lagen \u00fcber 1000 H\u00f6henmetern angebaut. Geerntet wird im Fr\u00fchjahr, aber immer nur die ganz jungen Triebe. Tee Anbaugebiete sind chinesische Provinz, n\u00e4mlich Yunnan.<\/p>\n<p>Teesorte: Schwarzer Tee<\/p>\n<p>Herkunft: China Region Yunnan<\/p>\n<p>Zubereitung: Gie\u00dfen Sie 1-2 geh\u00e4ufte Teel\u00f6ffel mit ca.250 ml 90-95\u00b0C hei\u00dfem Wasser auf und lassen Sie den Tee 3-5 min. ziehen.<\/p>\n<p>&nbsp;<\/p>\n","protected":false},"excerpt":{"rendered":"<p>Dian Hong Mao Feng (35% Gold Junge Sprosse) Erstmalig verf\u00fcgbar, besticht dieser mit goldenen Tips durchzogene Mao Feng durch seinen ausgepr\u00e4gten Charakter. Im Aroma steht die Tasse den bisher bekannten Tees aus China in nichts nach. Aufguss klar Mao Feng (Mao = behaart, Feng = spitz), Tee aus dem Hochgebirge, leicht gedrehte Bl\u00e4tter Mao Feng [&hellip;]<\/p>\n","protected":false},"featured_media":6380,"comment_status":"open","ping_status":"closed","template":"","meta":[],"product_brand":[],"product_cat":[33],"product_tag":[65,155],"class_list":{"0":"post-784","1":"product","2":"type-product","3":"status-publish","4":"has-post-thumbnail","6":"product_cat-schwarz-tee","7":"product_tag-schwarzer-tee","8":"product_tag-yunnan-schwarztee-mao-feng","9":"product_shipping_class-teezubehoer","11":"first","12":"instock","13":"taxable","14":"shipping-taxable","15":"purchasable","16":"product-type-variable","17":"has-default-attributes"},"_links":{"self":[{"href":"https:\/\/www.teesign77.de\/teeladen\/wp-json\/wp\/v2\/product\/784","targetHints":{"allow":["GET"]}}],"collection":[{"href":"https:\/\/www.teesign77.de\/teeladen\/wp-json\/wp\/v2\/product"}],"about":[{"href":"https:\/\/www.teesign77.de\/teeladen\/wp-json\/wp\/v2\/types\/product"}],"replies":[{"embeddable":true,"href":"https:\/\/www.teesign77.de\/teeladen\/wp-json\/wp\/v2\/comments?post=784"}],"wp:featuredmedia":[{"embeddable":true,"href":"https:\/\/www.teesign77.de\/teeladen\/wp-json\/wp\/v2\/media\/6380"}],"wp:attachment":[{"href":"https:\/\/www.teesign77.de\/teeladen\/wp-json\/wp\/v2\/media?parent=784"}],"wp:term":[{"taxonomy":"product_brand","embeddable":true,"href":"https:\/\/www.teesign77.de\/teeladen\/wp-json\/wp\/v2\/product_brand?post=784"},{"taxonomy":"product_cat","embeddable":true,"href":"https:\/\/www.teesign77.de\/teeladen\/wp-json\/wp\/v2\/product_cat?post=784"},{"taxonomy":"product_tag","embeddable":true,"href":"https:\/\/www.teesign77.de\/teeladen\/wp-json\/wp\/v2\/product_tag?post=784"}],"curies":[{"name":"wp","href":"https:\/\/api.w.org\/{rel}","templated":true}]}}